{"id":18,"date":"2017-05-29T06:14:46","date_gmt":"2017-05-29T06:14:46","guid":{"rendered":"http:\/\/localhost\/teatro\/?page_id=18"},"modified":"2018-02-27T10:37:10","modified_gmt":"2018-02-27T10:37:10","slug":"narracion-oral-infantil-y-adultos","status":"publish","type":"page","link":"http:\/\/www.verdelimonar.com\/index.php\/narracion-oral-infantil-y-adultos\/","title":{"rendered":"NARRACI\u00d3N ORAL INFANTIL Y ADULTOS"},"content":{"rendered":"<div class=\"vce-row-container\"><div class=\"vce-row vce-row--col-gap-30 vce-row-columns--top vce-row-content--top\" id=\"el-062c5e0b\" data-vce-do-apply=\"all el-062c5e0b\"><div class=\"vce-row-content\" data-vce-element-content=\"true\"><div class=\"vce-col vce-col--md-100p vce-col--xs-1 vce-col--xs-last vce-col--xs-first vce-col--sm-last vce-col--sm-first vce-col--md-last vce-col--lg-last vce-col--xl-last vce-col--md-first vce-col--lg-first vce-col--xl-first\" id=\"el-eb946b3a\"><div class=\"vce-col-inner\" data-vce-element-content=\"true\" data-vce-do-apply=\"margin padding border  background el-eb946b3a\"><div class=\"vce-text-block\"><div class=\"vce-text-block-wrapper vce\" id=\"el-a162f64d\" data-vce-do-apply=\"all el-a162f64d\"><h3><span style=\"color: #808080;\">Contar historias forma parte del hecho teatral y as\u00ed lo vivimos en sus diferentes vertientes tanto para p\u00fablico infantil como para adulto.<\/span><\/h3><\/div><\/div><div class=\"vce-image-gallery vce-image-gallery--gap-10 vce-image-gallery--columns-3\"><div class=\"vce-image-gallery-wrapper vce\" id=\"el-7d3a3cdc\" data-vce-do-apply=\"all el-7d3a3cdc\"><div class=\"vce-image-gallery-list\"><div class=\"vce-image-gallery-item\"><div class=\"vce-image-gallery-item-inner-wrapper\"><a href=\"http:\/\/www.verdelimonar.com\/wp-content\/uploads\/2018\/01\/Hora-del-cuento.-Foto.jpg\" data-lightbox=\"lightbox-7d3a3cdc\" class=\"vce-image-gallery-item-inner\"><img decoding=\"async\" class=\"vce-image-gallery-img\" src=\"http:\/\/www.verdelimonar.com\/wp-content\/uploads\/2018\/01\/Hora-del-cuento.-Foto-1024x768.jpg\" alt=\"\" title=\"Hora del cuento. Foto\"><\/a><\/div><\/div><div class=\"vce-image-gallery-item\"><div class=\"vce-image-gallery-item-inner-wrapper\"><a href=\"http:\/\/www.verdelimonar.com\/wp-content\/uploads\/2018\/01\/FOTO-4.jpg\" data-lightbox=\"lightbox-7d3a3cdc\" class=\"vce-image-gallery-item-inner\"><img decoding=\"async\" class=\"vce-image-gallery-img\" src=\"http:\/\/www.verdelimonar.com\/wp-content\/uploads\/2018\/01\/FOTO-4.jpg\" alt=\"\" title=\"FOTO 4\"><\/a><\/div><\/div><div class=\"vce-image-gallery-item\"><div class=\"vce-image-gallery-item-inner-wrapper\"><a href=\"http:\/\/www.verdelimonar.com\/wp-content\/uploads\/2018\/01\/Nanna-Kamishibai.jpg\" data-lightbox=\"lightbox-7d3a3cdc\" class=\"vce-image-gallery-item-inner\"><img decoding=\"async\" class=\"vce-image-gallery-img\" src=\"http:\/\/www.verdelimonar.com\/wp-content\/uploads\/2018\/01\/Nanna-Kamishibai.jpg\" alt=\"\" title=\"Nanna Kamishibai\"><\/a><\/div><\/div><\/div><\/div><\/div><\/div><\/div><\/div><\/div><\/div><div class=\"vce-row-container\"><div class=\"vce-row vce-row--col-gap-30 vce-row-columns--top vce-row-content--top\" id=\"el-fc6afc0f\" data-vce-do-apply=\"all el-fc6afc0f\"><div class=\"vce-row-content\" data-vce-element-content=\"true\"><div class=\"vce-col vce-col--md-auto vce-col--xs-1 vce-col--xs-last vce-col--xs-first vce-col--sm-last vce-col--sm-first vce-col--md-last vce-col--lg-last vce-col--xl-last vce-col--md-first vce-col--lg-first vce-col--xl-first\" id=\"el-864c9594\"><div class=\"vce-content-background-container\"><\/div><div class=\"vce-col-inner\" data-vce-element-content=\"true\" data-vce-do-apply=\"margin padding border  background el-864c9594\"><div class=\"vce-text-block\"><div class=\"vce-text-block-wrapper vce\" id=\"el-b517bb4c\" data-vce-do-apply=\"all el-b517bb4c\"><h3><span style=\"color: #008080;\">P\u00daBLICO INFANTIL<\/span><\/h3><h4><span style=\"color: #008080;\"><strong>1 -&nbsp; Cuentacuentos. <\/strong><\/span><\/h4><ul><li><h6><span style=\"color: #808080;\">Cuentos populares.<\/span> <a href=\"https:\/\/m.youtube.com\/watch?v=tPLtb6rK_r4\" target=\"_blank\" rel=\"noopener noreferrer\">+ info<\/a><\/h6><\/li><li><h6><span style=\"color: #808080;\">Cuentos de tradici\u00f3n \u00e1rabe- espa\u00f1ol.<\/span><\/h6><\/li><li><h6><span style=\"color: #808080;\">Cuentos judeo- sefarditas. Texto en Ladino<\/span><\/h6><\/li><li><h6><span style=\"color: #808080;\">Cuentos gitanos. Vocabulario Roman\u00f3.<\/span><\/h6><\/li><li><h6><span style=\"color: #808080;\">Cuentos castellanos. Romances.<\/span><\/h6><\/li><li><h6><span style=\"color: #808080;\">Cuentos actuales. Propuesta literaria sobre Juan Ram\u00f3n Jim\u00e9nez y \u201cPlatero\u201d.<\/span><\/h6><\/li><li><h6><span style=\"color: #808080;\">Lecturas Dramatizadas en familia de textos literarios<\/span><\/h6><\/li><li><h6><span style=\"color: #808080;\">Kamishibai.<\/span><\/h6><\/li><\/ul><p>&nbsp;<\/p><h4><span style=\"color: #008080;\"><strong>2 - Taller. Dramatizaci\u00f3n cuentos. \u201cJugando con cuentos\u201d.<\/strong><\/span><\/h4><ul><li><h6><span style=\"color: #808080;\">Taller para primaria. Propuesta l\u00fadica para el alumnado. Puesta en escena de un cuento o texto literario (lectura, reparto personajes, vestuario, atrezzo\u2026)<\/span><\/h6><\/li><\/ul><\/div><\/div><\/div><\/div><\/div><\/div><\/div><div class=\"vce-row-container\"><div class=\"vce-row vce-row--col-gap-30 vce-row-columns--top vce-row-content--top\" id=\"el-6b344a78\" data-vce-do-apply=\"all el-6b344a78\"><div class=\"vce-row-content\" data-vce-element-content=\"true\"><div class=\"vce-col vce-col--md-auto vce-col--xs-1 vce-col--xs-last vce-col--xs-first vce-col--sm-last vce-col--sm-first vce-col--md-last vce-col--lg-last vce-col--xl-last vce-col--md-first vce-col--lg-first vce-col--xl-first\" id=\"el-56c0dc17\"><div class=\"vce-col-inner\" data-vce-element-content=\"true\" data-vce-do-apply=\"margin padding border  background el-56c0dc17\"><div class=\"vce-image-gallery vce-image-gallery--gap-10 vce-image-gallery--columns-3\"><div class=\"vce-image-gallery-wrapper vce\" id=\"el-78848bcd\" data-vce-do-apply=\"all el-78848bcd\"><div class=\"vce-image-gallery-list\"><div class=\"vce-image-gallery-item\"><div class=\"vce-image-gallery-item-inner-wrapper\"><a href=\"http:\/\/www.verdelimonar.com\/wp-content\/uploads\/2018\/01\/Foto-4-2015-Verdelimonar.-Sesi\u00f3n-narraci\u00f3n-oral-adultos.jpg\" data-lightbox=\"lightbox-78848bcd\" class=\"vce-image-gallery-item-inner\"><img decoding=\"async\" class=\"vce-image-gallery-img\" src=\"http:\/\/www.verdelimonar.com\/wp-content\/uploads\/2018\/01\/Foto-4-2015-Verdelimonar.-Sesi\u00f3n-narraci\u00f3n-oral-adultos-1024x765.jpg\" alt=\"\" title=\"Foto 4 2015 Verdelimonar. Sesi\u00f3n narraci\u00f3n oral adultos\"><\/a><\/div><\/div><div class=\"vce-image-gallery-item\"><div class=\"vce-image-gallery-item-inner-wrapper\"><a href=\"http:\/\/www.verdelimonar.com\/wp-content\/uploads\/2018\/01\/Foto-6-2014-Verdelimonar.-Lorca.-SF.jpg\" data-lightbox=\"lightbox-78848bcd\" class=\"vce-image-gallery-item-inner\"><img decoding=\"async\" class=\"vce-image-gallery-img\" src=\"http:\/\/www.verdelimonar.com\/wp-content\/uploads\/2018\/01\/Foto-6-2014-Verdelimonar.-Lorca.-SF-1024x768.jpg\" alt=\"\" title=\"Foto 6 2014 Verdelimonar. Lorca. SF\"><\/a><\/div><\/div><div class=\"vce-image-gallery-item\"><div class=\"vce-image-gallery-item-inner-wrapper\"><a href=\"http:\/\/www.verdelimonar.com\/wp-content\/uploads\/2018\/01\/Foto-6-2015-Verdelimonar.-Sesi\u00f3n-adultos.jpg\" data-lightbox=\"lightbox-78848bcd\" class=\"vce-image-gallery-item-inner\"><img decoding=\"async\" class=\"vce-image-gallery-img\" src=\"http:\/\/www.verdelimonar.com\/wp-content\/uploads\/2018\/01\/Foto-6-2015-Verdelimonar.-Sesi\u00f3n-adultos-1024x765.jpg\" alt=\"\" title=\"Foto 6 2015 Verdelimonar. Sesi\u00f3n adultos\"><\/a><\/div><\/div><\/div><\/div><\/div><div class=\"vce-text-block\"><div class=\"vce-text-block-wrapper vce\" id=\"el-45e12a49\" data-vce-do-apply=\"all el-45e12a49\"><h3><span style=\"color: #008080;\">P\u00daBLICO ADULTO<\/span><\/h3><ul><li><h6><span style=\"color: #808080;\"><strong>LECTURAS DRAMATIZADAS.<\/strong> Igualdad de G\u00e9nero a trav\u00e9s de la Dramatizaci\u00f3n. Autoras: Rosa Montero, Marcela Serrano\u2026<\/span><\/h6><\/li><li><h6><span style=\"color: #808080;\"><b>\u201cLa luna cala, sobre mi ropa ligera, hasta mi piel\u201d.<\/b> Acercamiento al mundo del <b>Haiku <\/b>desde la palabra recitada y cantada, pasando por el movimiento y la m\u00fasica.<\/span><\/h6><\/li><\/ul><\/div><\/div><\/div><\/div><\/div><\/div><\/div>\n","protected":false},"excerpt":{"rendered":"<p>Contar historias forma parte del hecho teatral y as\u00ed lo vivimos en sus diferentes vertientes tanto para p\u00fablico infantil como para adulto.P\u00daBLICO [&hellip;]<\/p>\n","protected":false},"author":1,"featured_media":0,"parent":0,"menu_order":0,"comment_status":"closed","ping_status":"closed","template":"","meta":{"footnotes":""},"class_list":["post-18","page","type-page","status-publish","hentry"],"_links":{"self":[{"href":"http:\/\/www.verdelimonar.com\/index.php\/wp-json\/wp\/v2\/pages\/18","targetHints":{"allow":["GET"]}}],"collection":[{"href":"http:\/\/www.verdelimonar.com\/index.php\/wp-json\/wp\/v2\/pages"}],"about":[{"href":"http:\/\/www.verdelimonar.com\/index.php\/wp-json\/wp\/v2\/types\/page"}],"author":[{"embeddable":true,"href":"http:\/\/www.verdelimonar.com\/index.php\/wp-json\/wp\/v2\/users\/1"}],"replies":[{"embeddable":true,"href":"http:\/\/www.verdelimonar.com\/index.php\/wp-json\/wp\/v2\/comments?post=18"}],"version-history":[{"count":29,"href":"http:\/\/www.verdelimonar.com\/index.php\/wp-json\/wp\/v2\/pages\/18\/revisions"}],"predecessor-version":[{"id":686,"href":"http:\/\/www.verdelimonar.com\/index.php\/wp-json\/wp\/v2\/pages\/18\/revisions\/686"}],"wp:attachment":[{"href":"http:\/\/www.verdelimonar.com\/index.php\/wp-json\/wp\/v2\/media?parent=18"}],"curies":[{"name":"wp","href":"https:\/\/api.w.org\/{rel}","templated":true}]}}