{"id":91,"date":"2017-12-12T12:47:48","date_gmt":"2017-12-12T12:47:48","guid":{"rendered":"http:\/\/alberto-pc\/teatro\/?page_id=91"},"modified":"2018-03-08T07:22:31","modified_gmt":"2018-03-08T07:22:31","slug":"dos-mujeres-cuentan","status":"publish","type":"page","link":"http:\/\/www.verdelimonar.com\/index.php\/dos-mujeres-cuentan\/","title":{"rendered":"\u00abDos mujeres cuentan\u00bb"},"content":{"rendered":"<div class=\"vce-row-container\"><div class=\"vce-row vce-row--col-gap-30 vce-row-columns--top vce-row-content--top\" id=\"el-426d6488\" data-vce-do-apply=\"all el-426d6488\"><div class=\"vce-content-background-container\"><\/div><div class=\"vce-row-content\" data-vce-element-content=\"true\"><div class=\"vce-col vce-col--md-100p vce-col--xs-1 vce-col--xs-last vce-col--xs-first vce-col--sm-last vce-col--sm-first vce-col--md-last vce-col--lg-last vce-col--xl-last vce-col--md-first vce-col--lg-first vce-col--xl-first\" id=\"el-8070408f\"><div class=\"vce-col-inner\" data-vce-element-content=\"true\" data-vce-do-apply=\"margin padding border  background el-8070408f\"><div class=\"vce-google-fonts-heading vce-google-fonts-heading--align-left\"><div class=\"vce-google-fonts-heading-wrapper\"><h1 class=\"vce-google-fonts-heading-inner vce\" id=\"el-943ef787\" data-vce-do-apply=\"all el-943ef787\" style=\"font-size: 30px; font-family: Roboto\\ Slab; font-weight: 300;\">Sarah y Rozica, dos mujeres de cultura sefard\u00ed, voces transmisoras de la literatura de tradici\u00f3n oral que se narraba en la pen\u00ednsula Ib\u00e9rica en el siglo XV.<\/h1><\/div><\/div><div class=\"vce-text-block\"><div class=\"vce-text-block-wrapper vce\" id=\"el-759edeb4\" data-vce-do-apply=\"all el-759edeb4\"><hr><h6><a href=\"http:\/\/www.verdelimonar.com\/wp-content\/uploads\/2018\/01\/Dos-mujeres-cuentan-Programa-de-mano.pdf\" target=\"_blank\" rel=\"noopener noreferrer\">Programa de mano<\/a><\/h6><\/div><\/div><\/div><\/div><\/div><\/div><\/div><div class=\"vce-row-container\"><div class=\"vce-row vce-row--col-gap-30 vce-row-columns--top vce-row-content--top\" id=\"el-f3177b61\" data-vce-do-apply=\"all el-f3177b61\"><div class=\"vce-row-content\" data-vce-element-content=\"true\"><div class=\"vce-col vce-col--md-auto vce-col--xs-1 vce-col--xs-last vce-col--xs-first vce-col--sm-last vce-col--sm-first vce-col--md-last vce-col--lg-last vce-col--xl-last vce-col--md-first vce-col--lg-first vce-col--xl-first\" id=\"el-50bddc05\"><div class=\"vce-col-inner\" data-vce-element-content=\"true\" data-vce-do-apply=\"margin padding border  background el-50bddc05\"><div class=\"vce-image-masonry-gallery\"><div class=\"vce-image-masonry-gallery-wrapper vce vce-image-masonry-gallery--gap-20 vce-image-masonry-gallery--columns-3\" id=\"el-a32e7922\" data-vce-do-apply=\"all el-a32e7922\"><div class=\"vce-image-masonry-gallery-list\"><div class=\"vce-image-masonry-gallery-column\"><a href=\"http:\/\/www.verdelimonar.com\/wp-content\/uploads\/2018\/01\/2B.jpg\" data-lightbox=\"lightbox-a32e7922\" class=\"vce-image-masonry-gallery-item\"><img decoding=\"async\" class=\"vce-image-masonry-gallery-img\" src=\"http:\/\/www.verdelimonar.com\/wp-content\/uploads\/2018\/01\/2B.jpg\" alt=\"\" title=\"2B\"><\/a><a href=\"http:\/\/www.verdelimonar.com\/wp-content\/uploads\/2018\/01\/2E.jpg\" data-lightbox=\"lightbox-a32e7922\" class=\"vce-image-masonry-gallery-item\"><img decoding=\"async\" class=\"vce-image-masonry-gallery-img\" src=\"http:\/\/www.verdelimonar.com\/wp-content\/uploads\/2018\/01\/2E.jpg\" alt=\"\" title=\"2E\"><\/a><\/div><div class=\"vce-image-masonry-gallery-column\"><a href=\"http:\/\/www.verdelimonar.com\/wp-content\/uploads\/2018\/01\/2D.jpg\" data-lightbox=\"lightbox-a32e7922\" class=\"vce-image-masonry-gallery-item\"><img decoding=\"async\" class=\"vce-image-masonry-gallery-img\" src=\"http:\/\/www.verdelimonar.com\/wp-content\/uploads\/2018\/01\/2D.jpg\" alt=\"\" title=\"2D\"><\/a><a href=\"http:\/\/www.verdelimonar.com\/wp-content\/uploads\/2018\/01\/Dos-mujeres-cuentan-Estella-17-septiembre-2013.jpg\" data-lightbox=\"lightbox-a32e7922\" class=\"vce-image-masonry-gallery-item\"><img decoding=\"async\" class=\"vce-image-masonry-gallery-img\" src=\"http:\/\/www.verdelimonar.com\/wp-content\/uploads\/2018\/01\/Dos-mujeres-cuentan-Estella-17-septiembre-2013.jpg\" alt=\"\" title=\"Dos mujeres cuentan Estella 17 septiembre 2013\"><\/a><\/div><div class=\"vce-image-masonry-gallery-column\"><a href=\"http:\/\/www.verdelimonar.com\/wp-content\/uploads\/2018\/01\/2A.jpg\" data-lightbox=\"lightbox-a32e7922\" class=\"vce-image-masonry-gallery-item\"><img decoding=\"async\" class=\"vce-image-masonry-gallery-img\" src=\"http:\/\/www.verdelimonar.com\/wp-content\/uploads\/2018\/01\/2A.jpg\" alt=\"\" title=\"2A\"><\/a><a href=\"http:\/\/www.verdelimonar.com\/wp-content\/uploads\/2018\/01\/2C.jpg\" data-lightbox=\"lightbox-a32e7922\" class=\"vce-image-masonry-gallery-item\"><img decoding=\"async\" class=\"vce-image-masonry-gallery-img\" src=\"http:\/\/www.verdelimonar.com\/wp-content\/uploads\/2018\/01\/2C.jpg\" alt=\"\" title=\"2C\"><\/a><\/div><\/div><\/div><\/div><\/div><\/div><\/div><\/div><\/div><div class=\"vce-row-container\"><div class=\"vce-row vce-row--col-gap-30 vce-row-columns--top vce-row-content--top\" id=\"el-b9cd76e7\" data-vce-do-apply=\"all el-b9cd76e7\"><div class=\"vce-row-content\" data-vce-element-content=\"true\"><div class=\"vce-col vce-col--md-100p vce-col--xs-1 vce-col--xs-last vce-col--xs-first vce-col--sm-last vce-col--sm-first vce-col--md-last vce-col--lg-last vce-col--xl-last vce-col--md-first vce-col--lg-first vce-col--xl-first\" id=\"el-182ca138\"><div class=\"vce-content-background-container\"><\/div><div class=\"vce-col-inner\" data-vce-element-content=\"true\" data-vce-do-apply=\"margin padding border  background el-182ca138\"><div class=\"vce-text-block\"><div class=\"vce-text-block-wrapper vce\" id=\"el-13e2009f\" data-vce-do-apply=\"all el-13e2009f\"><h5>&nbsp;<!--[endif]--><span style=\"color: #808080;\">TRAYECTORIA<\/span><\/h5><ul><li><h6><span style=\"color: #808080;\">\u201cDos mujeres cuentan\u201d&nbsp; se estrena en 2013, en la <strong>Casa de cultura&nbsp;Fray Diego de Estella<\/strong>&nbsp; dentro de&nbsp; la<strong> XXI Semana de Estudios Medievales&nbsp;sefarditas<\/strong>.<\/span><\/h6><\/li><li><h6><span style=\"color: #808080;\">Ha pasado por C\u00f3rdoba y Lucena en la <strong>XV Jornada Europea de la&nbsp;cultura jud\u00eda, \u201cMujeres en el juda\u00edsmo\u201d<\/strong> dentro de la Red de Juder\u00edas de Espa\u00f1a.&nbsp;2014.<\/span><\/h6><\/li><li><h6><span style=\"color: #808080;\">Por Segovia, en&nbsp; el<strong> VII Ciclo de Actividades&nbsp; en el Centro&nbsp;Did\u00e1ctico de la Juder\u00eda, Abraham Senior<\/strong>. 2014.<\/span><\/h6><\/li><li><h6><span style=\"color: #808080;\">Para el <strong>Ayuntamiento de Pamplona<\/strong>, como Narraci\u00f3n oral, dentro del Programa de Actividades<\/span><\/h6><\/li><li><h6><span style=\"color: #808080;\">Ayuntamiento de Pamplona. Red de Civivox,&nbsp; Condestable &nbsp;dentro de la programaci\u00f3n <strong>\u201cCon otras palabras\u201d<\/strong>. <a style=\"color: #808080;\" href=\"http:\/\/www.europapress.es\/navarra\/noticia-verdelimonar-teatro-protagonizara-lunes-ciclo-narracion-oral-civivox-condestable-20141109161053.html\" target=\"_blank\" rel=\"noopener noreferrer\">+info<\/a><\/span><\/h6><\/li><li><h6><span style=\"color: #808080;\">Narraci\u00f3n Oral, en Centros de Secundaria y Bachillerato.<\/span><\/h6><\/li><li><h6><span style=\"color: #808080;\">Asociaciones de Mujeres, Igualdad de G\u00e9nero (Navarra y Pa\u00eds Vasco).<\/span><\/h6><\/li><\/ul><\/div><\/div><\/div><\/div><\/div><\/div><\/div><div class=\"vce-row-container\"><div class=\"vce-row vce-row--col-gap-30 vce-row-columns--top vce-row-content--top\" id=\"el-5dd317d6\" data-vce-do-apply=\"all el-5dd317d6\"><div class=\"vce-row-content\" data-vce-element-content=\"true\"><div class=\"vce-col vce-col--md-auto vce-col--xs-1 vce-col--xs-last vce-col--xs-first vce-col--sm-last vce-col--sm-first vce-col--md-last vce-col--lg-last vce-col--xl-last vce-col--md-first vce-col--lg-first vce-col--xl-first\" id=\"el-4e210a46\"><div class=\"vce-col-inner\" data-vce-element-content=\"true\" data-vce-do-apply=\"margin padding border  background el-4e210a46\"><div class=\"vce-single-image-container vce-single-image--align-left\"><div class=\"vce vce-single-image-wrapper\" id=\"el-024ea79f\" data-vce-do-apply=\"all el-024ea79f\"><figure><a href=\"https:\/\/www.youtube.com\/watch?v=n_TYBxU2jdM\" title=\"Dos mujeres cuentan\" target=\"_blank\" class=\"vce-single-image-inner\"><img decoding=\"async\" class=\"vce-single-image\" src=\"http:\/\/www.verdelimonar.com\/wp-content\/uploads\/2018\/02\/dos-mujeres-cuentan-video-300x183.jpg\" data-img-src=\"http:\/\/www.verdelimonar.com\/wp-content\/uploads\/2018\/02\/dos-mujeres-cuentan-video.jpg\" alt=\"\" title=\"dos mujeres cuentan video\"><\/a><\/figure><\/div><\/div><\/div><\/div><\/div><\/div><\/div>\n","protected":false},"excerpt":{"rendered":"<p>Sarah y Rozica, dos mujeres de cultura sefard\u00ed, voces transmisoras de la literatura de tradici\u00f3n oral que se narraba en la pen\u00ednsula [&hellip;]<\/p>\n","protected":false},"author":1,"featured_media":0,"parent":0,"menu_order":0,"comment_status":"closed","ping_status":"closed","template":"","meta":{"footnotes":""},"class_list":["post-91","page","type-page","status-publish","hentry"],"_links":{"self":[{"href":"http:\/\/www.verdelimonar.com\/index.php\/wp-json\/wp\/v2\/pages\/91","targetHints":{"allow":["GET"]}}],"collection":[{"href":"http:\/\/www.verdelimonar.com\/index.php\/wp-json\/wp\/v2\/pages"}],"about":[{"href":"http:\/\/www.verdelimonar.com\/index.php\/wp-json\/wp\/v2\/types\/page"}],"author":[{"embeddable":true,"href":"http:\/\/www.verdelimonar.com\/index.php\/wp-json\/wp\/v2\/users\/1"}],"replies":[{"embeddable":true,"href":"http:\/\/www.verdelimonar.com\/index.php\/wp-json\/wp\/v2\/comments?post=91"}],"version-history":[{"count":56,"href":"http:\/\/www.verdelimonar.com\/index.php\/wp-json\/wp\/v2\/pages\/91\/revisions"}],"predecessor-version":[{"id":753,"href":"http:\/\/www.verdelimonar.com\/index.php\/wp-json\/wp\/v2\/pages\/91\/revisions\/753"}],"wp:attachment":[{"href":"http:\/\/www.verdelimonar.com\/index.php\/wp-json\/wp\/v2\/media?parent=91"}],"curies":[{"name":"wp","href":"https:\/\/api.w.org\/{rel}","templated":true}]}}